{"id":6191,"date":"2022-02-16T15:47:33","date_gmt":"2022-02-16T14:47:33","guid":{"rendered":"https:\/\/www.wisucam.com\/?post_type=product&#038;p=6191"},"modified":"2023-10-31T10:44:38","modified_gmt":"2023-10-31T09:44:38","slug":"kit-cable-4-voies-frigo-ebl-schaudt","status":"publish","type":"product","link":"https:\/\/www.wisucam.com\/index.php\/produit\/kit-cable-4-voies-frigo-ebl-schaudt\/","title":{"rendered":"Kit cable 4 voies frigo EBL SCHAUDT"},"content":{"rendered":"<p>Kit de r\u00e9paration pour camping car et EBL SCHAUDT comprenant :<\/p>\n<p>1 connecteur 4 voies sur cable 2.5 mm\u00b2 (longueur env 20 cms)\u00a0 avec broches pour r\u00e9fection connectique frigo suite \u00e0 surchauffe.<\/p>\n<p>Attention nous consulter car le remplacement du connecteur femelle est tr\u00e8s souvent n\u00e9cessaire, ou du moins recommand\u00e9 car l&rsquo;oxydation li\u00e9e \u00e0 la surchauffe entrainera le m\u00eame ph\u00e9nom\u00e8ne \u00e0 long terme.<\/p>\n<p>Photo non contractuelle, les couleurs de c\u00e2ble peuvent varier selon les s\u00e9ries de fabrication,il convient de prendre soin de faire le raccordement par un professionnel avec des connections et sertissages conformes aux recommandations techniques et compatibles avec l&rsquo;intensit\u00e9 v\u00e9hicul\u00e9e dans ces c\u00e2bles.<\/p>\n<p>Disponibilit\u00e9 en fonction des d\u00e9lais d&rsquo;approvisionnement des pi\u00e8ces d\u00e9tach\u00e9es (parfois plusieurs semaines)<\/p>\n<p>Pr\u00e9voir pour la mise en place des embouts de sertissage avec la pince \u00e0 sertir ad\u00e9quate ou un raccordement soud\u00e9 ou un dispositif de raccordement compatible avec les intensit\u00e9s qui transitent dans les cables (plusieurs dizaines d&rsquo;amp\u00e8res)<\/p>\n","protected":false},"excerpt":{"rendered":"<p>Kit de r\u00e9paration pour camping car et EBL SCHAUDT comprenant :<\/p>\n<p>1 connecteur 4 voies sur cable 2.5 mm\u00b2 (longueur env 20 cms)\u00a0 avec broches pour r\u00e9fection connectique frigo suite \u00e0 surchauffe.<\/p>\n<p>Photo non contractuelle, les couleurs de c\u00e2ble peuvent varier selon les s\u00e9ries de fabrication,il convient de prendre soin de faire le raccordement par un professionnel avec des connections et sertissages conformes aux recommandations techniques et compatibles avec l&rsquo;intensit\u00e9 v\u00e9hicul\u00e9e dans ces c\u00e2bles.<\/p>\n<p><strong>Disponibilit\u00e9 en fonction des d\u00e9lais d&rsquo;approvisionnement des pi\u00e8ces d\u00e9tach\u00e9es (parfois plusieurs semaines)<\/strong><\/p>\n","protected":false},"featured_media":6190,"template":"","meta":{"_uag_custom_page_level_css":"","kt_blocks_editor_width":""},"pwb-brand":[193],"product_brand":[],"product_cat":[175],"product_tag":[249,170,173],"class_list":{"0":"post-6191","1":"product","2":"type-product","3":"status-publish","4":"has-post-thumbnail","6":"pwb-brand-schaudt","7":"product_cat-accessoires","8":"product_tag-cable","9":"product_tag-camping-car","10":"product_tag-schaudt","11":"product_shipping_class-petit","13":"first","14":"instock","15":"taxable","16":"shipping-taxable","17":"purchasable","18":"product-type-simple"},"uagb_featured_image_src":{"full":["https:\/\/i0.wp.com\/www.wisucam.com\/wp-content\/uploads\/2022\/02\/CNEC_Frigo2_WEB-rotated.jpg?fit=650%2C635&ssl=1?v=1645022818",650,635,false],"thumbnail":["https:\/\/i0.wp.com\/www.wisucam.com\/wp-content\/uploads\/2022\/02\/CNEC_Frigo2_WEB-rotated.jpg?resize=150%2C150&ssl=1?v=1645022818",150,150,true],"medium":["https:\/\/i0.wp.com\/www.wisucam.com\/wp-content\/uploads\/2022\/02\/CNEC_Frigo2_WEB-rotated.jpg?fit=300%2C293&ssl=1?v=1645022818",300,293,true],"medium_large":["https:\/\/i0.wp.com\/www.wisucam.com\/wp-content\/uploads\/2022\/02\/CNEC_Frigo2_WEB-rotated.jpg?fit=650%2C635&ssl=1?v=1645022818",650,635,true],"large":["https:\/\/i0.wp.com\/www.wisucam.com\/wp-content\/uploads\/2022\/02\/CNEC_Frigo2_WEB-rotated.jpg?fit=650%2C635&ssl=1?v=1645022818",650,635,true],"1536x1536":["https:\/\/i0.wp.com\/www.wisucam.com\/wp-content\/uploads\/2022\/02\/CNEC_Frigo2_WEB-rotated.jpg?fit=650%2C635&ssl=1?v=1645022818",650,635,true],"2048x2048":["https:\/\/i0.wp.com\/www.wisucam.com\/wp-content\/uploads\/2022\/02\/CNEC_Frigo2_WEB-rotated.jpg?fit=650%2C635&ssl=1?v=1645022818",650,635,true],"widget-thumb":["https:\/\/i0.wp.com\/www.wisucam.com\/wp-content\/uploads\/2022\/02\/CNEC_Frigo2_WEB-rotated.jpg?resize=80%2C50&ssl=1?v=1645022818",80,50,true],"woocommerce_thumbnail":["https:\/\/i0.wp.com\/www.wisucam.com\/wp-content\/uploads\/2022\/02\/CNEC_Frigo2_WEB-rotated.jpg?resize=300%2C457&ssl=1?v=1645022818",300,457,true],"woocommerce_single":["https:\/\/i0.wp.com\/www.wisucam.com\/wp-content\/uploads\/2022\/02\/CNEC_Frigo2_WEB-rotated.jpg?fit=600%2C586&ssl=1?v=1645022818",600,586,true],"woocommerce_gallery_thumbnail":["https:\/\/i0.wp.com\/www.wisucam.com\/wp-content\/uploads\/2022\/02\/CNEC_Frigo2_WEB-rotated.jpg?resize=100%2C100&ssl=1?v=1645022818",100,100,true]},"uagb_author_info":{"display_name":"Pascal QUENOUILLERE","author_link":"https:\/\/www.wisucam.com\/index.php\/author\/"},"uagb_comment_info":0,"uagb_excerpt":"Kit de r\u00e9paration pour camping car et EBL SCHAUDT comprenant : 1 connecteur 4 voies sur cable 2.5 mm\u00b2 (longueur env 20 cms)\u00a0 avec broches pour r\u00e9fection connectique frigo suite \u00e0 surchauffe. Photo non contractuelle, les couleurs de c\u00e2ble peuvent varier selon les s\u00e9ries de fabrication,il convient de prendre soin de faire le raccordement par\u2026","jetpack_sharing_enabled":true,"jetpack_likes_enabled":true,"brands":[{"id":193,"name":"SCHAUDT","slug":"schaudt"}],"_links":{"self":[{"href":"https:\/\/www.wisucam.com\/index.php\/wp-json\/wp\/v2\/product\/6191","targetHints":{"allow":["GET"]}}],"collection":[{"href":"https:\/\/www.wisucam.com\/index.php\/wp-json\/wp\/v2\/product"}],"about":[{"href":"https:\/\/www.wisucam.com\/index.php\/wp-json\/wp\/v2\/types\/product"}],"wp:featuredmedia":[{"embeddable":true,"href":"https:\/\/www.wisucam.com\/index.php\/wp-json\/wp\/v2\/media\/6190"}],"wp:attachment":[{"href":"https:\/\/www.wisucam.com\/index.php\/wp-json\/wp\/v2\/media?parent=6191"}],"wp:term":[{"taxonomy":"pwb-brand","embeddable":true,"href":"https:\/\/www.wisucam.com\/index.php\/wp-json\/wp\/v2\/pwb-brand?post=6191"},{"taxonomy":"product_brand","embeddable":true,"href":"https:\/\/www.wisucam.com\/index.php\/wp-json\/wp\/v2\/product_brand?post=6191"},{"taxonomy":"product_cat","embeddable":true,"href":"https:\/\/www.wisucam.com\/index.php\/wp-json\/wp\/v2\/product_cat?post=6191"},{"taxonomy":"product_tag","embeddable":true,"href":"https:\/\/www.wisucam.com\/index.php\/wp-json\/wp\/v2\/product_tag?post=6191"}],"curies":[{"name":"wp","href":"https:\/\/api.w.org\/{rel}","templated":true}]}}