{"id":5923,"date":"2021-09-24T15:49:18","date_gmt":"2021-09-24T13:49:18","guid":{"rendered":"https:\/\/www.wisucam.com\/?post_type=product&#038;p=5923"},"modified":"2026-03-09T09:50:57","modified_gmt":"2026-03-09T08:50:57","slug":"sonde-camping-car-eau-propre-ou-eaux-grises-m400","status":"publish","type":"product","link":"https:\/\/www.wisucam.com\/index.php\/produit\/sonde-camping-car-eau-propre-ou-eaux-grises-m400\/","title":{"rendered":"Sonde Camping Car Eau Propre ou eaux grises M400"},"content":{"rendered":"<p>Sonde M 400 (ref 9350303) en inox pour pose verticale pour r\u00e9servoir d&rsquo;eau propre ou r\u00e9servoir d&rsquo;eau grise.<\/p>\n<p>La sonde est adaptable \u00e0 tous les r\u00e9servoir car elle peut \u00eatre retaill\u00e9e en longueur selon un abaque de taille.<\/p>\n<p>La\u00a0 profondeur maxi est de 400 mm<\/p>\n<p><strong>La sonde est recoupable pour une utilisation sur r\u00e9servoir moins profond. Sa longueur de tige maxi est inf\u00e9rieure \u00e0 400 mm, environ 335 mm<\/strong><\/p>\n<p>Le cable de liaison est livrable en option<\/p>\n<p>En cas de remplacement d&rsquo;une sonde existante, v\u00e9rifiez bien la correspondance du mod\u00e8le souhait\u00e9.<\/p>\n","protected":false},"excerpt":{"rendered":"<p>Sonde M 400 en inox pour pose verticale pour r\u00e9servoir d&rsquo;eau propre ou r\u00e9servoir d&rsquo;eau grise.<\/p>\n<p>La sonde est adaptable \u00e0 tous les r\u00e9servoir car elle peut \u00eatre retaill\u00e9e en longueur selon un abaque de taille.<\/p>\n<p>La\u00a0 profondeur maxi est de 400 mm<\/p>\n<p>Le cable de liaison est livrable en option<\/p>\n","protected":false},"featured_media":5924,"template":"","meta":{"_uag_custom_page_level_css":"","kt_blocks_editor_width":""},"pwb-brand":[193],"product_brand":[],"product_cat":[175],"product_tag":[265,173,264],"class_list":{"0":"post-5923","1":"product","2":"type-product","3":"status-publish","4":"has-post-thumbnail","6":"pwb-brand-schaudt","7":"product_cat-accessoires","8":"product_tag-m400","9":"product_tag-schaudt","10":"product_tag-sonde","12":"first","13":"instock","14":"taxable","15":"shipping-taxable","16":"purchasable","17":"product-type-simple"},"uagb_featured_image_src":{"full":["https:\/\/i0.wp.com\/www.wisucam.com\/wp-content\/uploads\/2021\/09\/Sonde-M400_WEB.jpg?fit=450%2C276&ssl=1?v=1632491271",450,276,false],"thumbnail":["https:\/\/i0.wp.com\/www.wisucam.com\/wp-content\/uploads\/2021\/09\/Sonde-M400_WEB.jpg?resize=150%2C150&ssl=1?v=1632491271",150,150,true],"medium":["https:\/\/i0.wp.com\/www.wisucam.com\/wp-content\/uploads\/2021\/09\/Sonde-M400_WEB.jpg?fit=300%2C184&ssl=1?v=1632491271",300,184,true],"medium_large":["https:\/\/i0.wp.com\/www.wisucam.com\/wp-content\/uploads\/2021\/09\/Sonde-M400_WEB.jpg?fit=450%2C276&ssl=1?v=1632491271",450,276,true],"large":["https:\/\/i0.wp.com\/www.wisucam.com\/wp-content\/uploads\/2021\/09\/Sonde-M400_WEB.jpg?fit=450%2C276&ssl=1?v=1632491271",450,276,true],"1536x1536":["https:\/\/i0.wp.com\/www.wisucam.com\/wp-content\/uploads\/2021\/09\/Sonde-M400_WEB.jpg?fit=450%2C276&ssl=1?v=1632491271",450,276,true],"2048x2048":["https:\/\/i0.wp.com\/www.wisucam.com\/wp-content\/uploads\/2021\/09\/Sonde-M400_WEB.jpg?fit=450%2C276&ssl=1?v=1632491271",450,276,true],"widget-thumb":["https:\/\/i0.wp.com\/www.wisucam.com\/wp-content\/uploads\/2021\/09\/Sonde-M400_WEB.jpg?resize=80%2C50&ssl=1?v=1632491271",80,50,true],"woocommerce_thumbnail":["https:\/\/i0.wp.com\/www.wisucam.com\/wp-content\/uploads\/2021\/09\/Sonde-M400_WEB.jpg?resize=300%2C276&ssl=1?v=1632491271",300,276,true],"woocommerce_single":["https:\/\/i0.wp.com\/www.wisucam.com\/wp-content\/uploads\/2021\/09\/Sonde-M400_WEB.jpg?fit=450%2C276&ssl=1?v=1632491271",450,276,true],"woocommerce_gallery_thumbnail":["https:\/\/i0.wp.com\/www.wisucam.com\/wp-content\/uploads\/2021\/09\/Sonde-M400_WEB.jpg?resize=100%2C100&ssl=1?v=1632491271",100,100,true]},"uagb_author_info":{"display_name":"admin","author_link":"https:\/\/www.wisucam.com\/index.php\/author\/"},"uagb_comment_info":0,"uagb_excerpt":"Sonde M 400 en inox pour pose verticale pour r\u00e9servoir d'eau propre ou r\u00e9servoir d'eau grise. La sonde est adaptable \u00e0 tous les r\u00e9servoir car elle peut \u00eatre retaill\u00e9e en longueur selon un abaque de taille. La\u00a0 profondeur maxi est de 400 mm Le cable de liaison est livrable en option","jetpack_sharing_enabled":true,"jetpack_likes_enabled":true,"brands":[{"id":193,"name":"SCHAUDT","slug":"schaudt"}],"_links":{"self":[{"href":"https:\/\/www.wisucam.com\/index.php\/wp-json\/wp\/v2\/product\/5923","targetHints":{"allow":["GET"]}}],"collection":[{"href":"https:\/\/www.wisucam.com\/index.php\/wp-json\/wp\/v2\/product"}],"about":[{"href":"https:\/\/www.wisucam.com\/index.php\/wp-json\/wp\/v2\/types\/product"}],"wp:featuredmedia":[{"embeddable":true,"href":"https:\/\/www.wisucam.com\/index.php\/wp-json\/wp\/v2\/media\/5924"}],"wp:attachment":[{"href":"https:\/\/www.wisucam.com\/index.php\/wp-json\/wp\/v2\/media?parent=5923"}],"wp:term":[{"taxonomy":"pwb-brand","embeddable":true,"href":"https:\/\/www.wisucam.com\/index.php\/wp-json\/wp\/v2\/pwb-brand?post=5923"},{"taxonomy":"product_brand","embeddable":true,"href":"https:\/\/www.wisucam.com\/index.php\/wp-json\/wp\/v2\/product_brand?post=5923"},{"taxonomy":"product_cat","embeddable":true,"href":"https:\/\/www.wisucam.com\/index.php\/wp-json\/wp\/v2\/product_cat?post=5923"},{"taxonomy":"product_tag","embeddable":true,"href":"https:\/\/www.wisucam.com\/index.php\/wp-json\/wp\/v2\/product_tag?post=5923"}],"curies":[{"name":"wp","href":"https:\/\/api.w.org\/{rel}","templated":true}]}}