{"id":5284,"date":"2021-03-03T17:53:23","date_gmt":"2021-03-03T16:53:23","guid":{"rendered":"https:\/\/www.wisucam.com\/?post_type=product&#038;p=5284"},"modified":"2025-02-05T14:40:08","modified_gmt":"2025-02-05T13:40:08","slug":"protection-batterie-bp-100-victron-energy","status":"publish","type":"product","link":"https:\/\/www.wisucam.com\/index.php\/produit\/protection-batterie-bp-100-victron-energy\/","title":{"rendered":"Protection Batterie BP 100 VICTRON ENERGY"},"content":{"rendered":"<p>La protection de batterie BP100 de VICTRON ENERGY permet d&rsquo;\u00e9viter une d\u00e9charge profonde des batteries synonyme de destruction de la batterie.<\/p>\n<p>Ce petit module d&rsquo;une capacit\u00e9 maxi de 100 A surveillera en permanence la tension de votre\u00a0 batterie et interrompra toute consommation en dessous d&rsquo;un seuil que vous aurez d\u00e9termin\u00e9.<\/p>\n<p>Le Battery Protect prot\u00e8ge la batterie en la d\u00e9connectant des charges non essentielles avant qu&rsquo;elle ne soit compl\u00e8tement d\u00e9charg\u00e9e (ce qui l&rsquo;endommagerait) ou avant qu&rsquo;il ne lui reste pas suffisamment de puissance pour lancer le moteur.<\/p>\n<p><strong>12\/24 V auto mesure<\/strong><br \/>\nLe Battery Protect d\u00e9tecte automatiquement la tension du syst\u00e8me.<\/p>\n<p><strong>Programmation tr\u00e8s facile<\/strong><br \/>\nLa protection Battery Protect peut \u00eatre configur\u00e9e pour s&rsquo;activer\/se d\u00e9sactiver \u00e0 diff\u00e9rents niveaux de tension.L&rsquo;\u00e9cran \u00e0 7 segments indiquera quelle configuration a \u00e9t\u00e9 choisie.<\/p>\n<p><strong>Une configuration sp\u00e9ciale pour des batteries au lithium-ion<\/strong><br \/>\nAvec ce mode, le Battery Protect peut \u00eatre contr\u00f4l\u00e9 par le BMS du VE-Bus.<\/p>\n<p><strong>Consommation d&rsquo;\u00e9nergie tr\u00e8s faible<\/strong><br \/>\nIl s&rsquo;agit d&rsquo;une caract\u00e9ristique importante pour les batteries au lithium-ion, en particulier apr\u00e8s un arr\u00eat en cas de tension faible.Veuillez consulter notre fiche technique concernant les batteries au lithium-ion et le manuel du BMS du VE.Bus pour davantage de renseignements.<\/p>\n<p><strong>Protection contre la surtension<br \/>\n<\/strong>Pour \u00e9viter d&rsquo;endommager les charges qui sont sensibles en cas de surtension, la charge est d\u00e9connect\u00e9e si la tension CC d\u00e9passe 16 V et 32 V respectivement.<\/p>\n<p><strong>Protection contre la combustion<\/strong><br \/>\nPas de relais, mais des transistors MOSFET, et par cons\u00e9quent il n&rsquo;y a pas d&rsquo;\u00e9tincelles.<\/p>\n<p><strong>Sortie d&rsquo;alarme retard\u00e9e<\/strong><br \/>\nLa sortie d&rsquo;alarme est activ\u00e9e si la tension de la batterie chute pendant plus de 12 secondes en dessous du niveau de d\u00e9connexion pr\u00e9d\u00e9termin\u00e9. Le d\u00e9marrage du moteur n&rsquo;activera donc pas l&rsquo;alarme. La sortie de l&rsquo;alarme est une sortie de collecteur ouvert prot\u00e9g\u00e9e contre les courts-circuits qui est raccord\u00e9e au rail (n\u00e9gatif), courant maximal de 50 mA. La sortie de l&rsquo;alarme est g\u00e9n\u00e9ralement utilis\u00e9e pour activer un buzzer, un voyant LED ou un relais.<\/p>\n<p><strong>Temps de d\u00e9connexion et reconnexion de la charge<\/strong><br \/>\nLa charge sera d\u00e9connect\u00e9e 90 secondes apr\u00e8s l&rsquo;activation de l&rsquo;alarme. Si la tension de la batterie augmente \u00e0 nouveau jusqu&rsquo;au seuil de connexion durant cette p\u00e9riode (lorsque le moteur a \u00e9t\u00e9 d\u00e9marr\u00e9 par exemple), la charge ne se d\u00e9connectera pas.La charge sera de nouveau connect\u00e9e 30 secondes apr\u00e8s que la tension de batterie ait d\u00e9pass\u00e9 la tension de reconnexion de charge pr\u00e9d\u00e9finie<\/p>\n","protected":false},"excerpt":{"rendered":"<p>Le Battery Protect BP 100A de Victron Energy est id\u00e9ale pour des syst\u00e8mes en 12V ou 24V permet de d\u00e9connecter automatiquement des consommateurs non essentiels de la batterie avant qu&rsquo;elle ne soit compl\u00e8tement vide et donc endommag\u00e9e.<\/p>\n","protected":false},"featured_media":5285,"template":"","meta":{"_uag_custom_page_level_css":"","kt_blocks_editor_width":""},"pwb-brand":[199],"product_brand":[],"product_cat":[175],"product_tag":[205,204,177,200],"class_list":{"0":"post-5284","1":"product","2":"type-product","3":"status-publish","4":"has-post-thumbnail","6":"pwb-brand-victron-energy","7":"product_cat-accessoires","8":"product_tag-batterie","9":"product_tag-bp-100","10":"product_tag-protection","11":"product_tag-victron","12":"product_shipping_class-plusde50e","14":"first","15":"instock","16":"taxable","17":"shipping-taxable","18":"purchasable","19":"product-type-simple"},"uagb_featured_image_src":{"full":["https:\/\/i0.wp.com\/www.wisucam.com\/wp-content\/uploads\/2021\/03\/BP100.jpg?fit=1600%2C784&ssl=1?v=1619688700",1600,784,false],"thumbnail":["https:\/\/i0.wp.com\/www.wisucam.com\/wp-content\/uploads\/2021\/03\/BP100.jpg?resize=150%2C150&ssl=1?v=1619688700",150,150,true],"medium":["https:\/\/i0.wp.com\/www.wisucam.com\/wp-content\/uploads\/2021\/03\/BP100.jpg?fit=300%2C147&ssl=1?v=1619688700",300,147,true],"medium_large":["https:\/\/i0.wp.com\/www.wisucam.com\/wp-content\/uploads\/2021\/03\/BP100.jpg?fit=768%2C376&ssl=1?v=1619688700",768,376,true],"large":["https:\/\/i0.wp.com\/www.wisucam.com\/wp-content\/uploads\/2021\/03\/BP100.jpg?fit=1024%2C502&ssl=1?v=1619688700",1024,502,true],"1536x1536":["https:\/\/i0.wp.com\/www.wisucam.com\/wp-content\/uploads\/2021\/03\/BP100.jpg?fit=1536%2C753&ssl=1?v=1619688700",1536,753,true],"2048x2048":["https:\/\/i0.wp.com\/www.wisucam.com\/wp-content\/uploads\/2021\/03\/BP100.jpg?fit=1600%2C784&ssl=1?v=1619688700",1600,784,true],"widget-thumb":["https:\/\/i0.wp.com\/www.wisucam.com\/wp-content\/uploads\/2021\/03\/BP100.jpg?resize=80%2C50&ssl=1?v=1619688700",80,50,true],"woocommerce_thumbnail":["https:\/\/i0.wp.com\/www.wisucam.com\/wp-content\/uploads\/2021\/03\/BP100.jpg?resize=300%2C457&ssl=1?v=1619688700",300,457,true],"woocommerce_single":["https:\/\/i0.wp.com\/www.wisucam.com\/wp-content\/uploads\/2021\/03\/BP100.jpg?fit=600%2C294&ssl=1?v=1619688700",600,294,true],"woocommerce_gallery_thumbnail":["https:\/\/i0.wp.com\/www.wisucam.com\/wp-content\/uploads\/2021\/03\/BP100.jpg?resize=100%2C100&ssl=1?v=1619688700",100,100,true]},"uagb_author_info":{"display_name":"admin","author_link":"https:\/\/www.wisucam.com\/index.php\/author\/"},"uagb_comment_info":0,"uagb_excerpt":"Le Battery Protect BP 100A de Victron Energy est id\u00e9ale pour des syst\u00e8mes en 12V ou 24V permet de d\u00e9connecter automatiquement des consommateurs non essentiels de la batterie avant qu'elle ne soit compl\u00e8tement vide et donc endommag\u00e9e.","jetpack_sharing_enabled":true,"jetpack_likes_enabled":true,"brands":[{"id":199,"name":"VICTRON ENERGY","slug":"victron-energy"}],"_links":{"self":[{"href":"https:\/\/www.wisucam.com\/index.php\/wp-json\/wp\/v2\/product\/5284","targetHints":{"allow":["GET"]}}],"collection":[{"href":"https:\/\/www.wisucam.com\/index.php\/wp-json\/wp\/v2\/product"}],"about":[{"href":"https:\/\/www.wisucam.com\/index.php\/wp-json\/wp\/v2\/types\/product"}],"wp:featuredmedia":[{"embeddable":true,"href":"https:\/\/www.wisucam.com\/index.php\/wp-json\/wp\/v2\/media\/5285"}],"wp:attachment":[{"href":"https:\/\/www.wisucam.com\/index.php\/wp-json\/wp\/v2\/media?parent=5284"}],"wp:term":[{"taxonomy":"pwb-brand","embeddable":true,"href":"https:\/\/www.wisucam.com\/index.php\/wp-json\/wp\/v2\/pwb-brand?post=5284"},{"taxonomy":"product_brand","embeddable":true,"href":"https:\/\/www.wisucam.com\/index.php\/wp-json\/wp\/v2\/product_brand?post=5284"},{"taxonomy":"product_cat","embeddable":true,"href":"https:\/\/www.wisucam.com\/index.php\/wp-json\/wp\/v2\/product_cat?post=5284"},{"taxonomy":"product_tag","embeddable":true,"href":"https:\/\/www.wisucam.com\/index.php\/wp-json\/wp\/v2\/product_tag?post=5284"}],"curies":[{"name":"wp","href":"https:\/\/api.w.org\/{rel}","templated":true}]}}