{"id":5240,"date":"2021-02-17T16:36:00","date_gmt":"2021-02-17T15:36:00","guid":{"rendered":"https:\/\/www.wisucam.com\/?post_type=product&#038;p=5240"},"modified":"2023-01-13T10:36:21","modified_gmt":"2023-01-13T09:36:21","slug":"telephone-ruggear-rg-170-pti-evolue","status":"publish","type":"product","link":"https:\/\/www.wisucam.com\/index.php\/produit\/telephone-ruggear-rg-170-pti-evolue\/","title":{"rendered":"T\u00e9l\u00e9phone RUGGEAR RG 170 PTI \u00e9volu\u00e9"},"content":{"rendered":"<section class=\"elementor-section elementor-top-section elementor-element elementor-element-53d5fd5 elementor-section-boxed elementor-section-height-default elementor-section-height-default\" data-id=\"53d5fd5\" data-element_type=\"section\">\n<div class=\"elementor-container elementor-column-gap-default\">\n<div class=\"elementor-row\">\n<div class=\"elementor-column elementor-col-100 elementor-top-column elementor-element elementor-element-468053d\" data-id=\"468053d\" data-element_type=\"column\">\n<div class=\"elementor-column-wrap elementor-element-populated\">\n<div class=\"elementor-widget-wrap\">\n<div class=\"elementor-element elementor-element-42064ee elementor-widget elementor-widget-text-editor\" data-id=\"42064ee\" data-element_type=\"widget\" data-widget_type=\"text-editor.default\">\n<div class=\"elementor-widget-container\">\n<div class=\"elementor-text-editor elementor-clearfix\">\n<p>Le t\u00e9l\u00e9phone RG170 de Ruggear est un t\u00e9l\u00e9phone robuste \u00e9tanche et tout terrain. Il est l\u2019\u00e9quipement de base du travailleur isol\u00e9 en associant la fonction de t\u00e9l\u00e9phone et les fonctions de protections de travailleur isol\u00e9 (PTI \u2013 DATI)<\/p>\n<\/div>\n<\/div>\n<\/div>\n<\/div>\n<\/div>\n<\/div>\n<\/div>\n<\/div>\n<\/section>\n<section class=\"elementor-section elementor-top-section elementor-element elementor-element-a632209 elementor-section-boxed elementor-section-height-default elementor-section-height-default\" data-id=\"a632209\" data-element_type=\"section\">\n<div class=\"elementor-container elementor-column-gap-default\">\n<div class=\"elementor-row\">\n<div class=\"elementor-column elementor-col-100 elementor-top-column elementor-element elementor-element-ee2e648\" data-id=\"ee2e648\" data-element_type=\"column\">\n<div class=\"elementor-column-wrap elementor-element-populated\">\n<div class=\"elementor-widget-wrap\">\n<div class=\"elementor-element elementor-element-98c7b7a elementor-widget elementor-widget-text-editor\" data-id=\"98c7b7a\" data-element_type=\"widget\" data-widget_type=\"text-editor.default\">\n<div class=\"elementor-widget-container\">\n<div class=\"elementor-text-editor elementor-clearfix\">\n<p>A la fois simple et puissant, il est dot\u00e9 d\u2019un v\u00e9ritable clavier et d\u2019un \u00e9cran tactile. Il combine les avantages des t\u00e9l\u00e9phones et des smartphone pour un cout d\u00e9risoire. De plus, dot\u00e9 de fonctions de protection du travailleur isol\u00e9, il assurera l\u2019envoi d\u2019alarmes lors de situations anormales de\u00a0 vos collaborateurs.<\/p>\n<div class=\"elementor-element elementor-element-0fc9d17 elementor-widget elementor-widget-heading\" data-id=\"0fc9d17\" data-element_type=\"widget\" data-widget_type=\"heading.default\">\n<div class=\"elementor-widget-container\">\n<h4 class=\"elementor-heading-title elementor-size-default\">RG170 version PTI avanc\u00e9e<\/h4>\n<\/div>\n<\/div>\n<section class=\"elementor-section elementor-inner-section elementor-element elementor-element-dbd902e elementor-section-boxed elementor-section-height-default elementor-section-height-default\" data-id=\"dbd902e\" data-element_type=\"section\">\n<div class=\"elementor-container elementor-column-gap-default\">\n<div class=\"elementor-row\">\n<div class=\"elementor-column elementor-col-50 elementor-inner-column elementor-element elementor-element-ab6d5f8\" data-id=\"ab6d5f8\" data-element_type=\"column\">\n<div class=\"elementor-column-wrap elementor-element-populated\">\n<div class=\"elementor-widget-wrap\">\n<div class=\"elementor-element elementor-element-e6a302e elementor-widget elementor-widget-text-editor\" data-id=\"e6a302e\" data-element_type=\"widget\" data-widget_type=\"text-editor.default\">\n<div class=\"elementor-widget-container\">\n<div class=\"elementor-text-editor elementor-clearfix\">\n<p>Dot\u00e9 d\u2019une application sp\u00e9cifique PTI il vous permettra :<\/p>\n<ul>\n<li>Absence de mouvement Param\u00e9trable<\/li>\n<li>Perte verticalit\u00e9 (angle et sensibilit\u00e9 d\u00e9tection r\u00e9glable)<\/li>\n<li>Bouton d\u2019urgence et croix centrale<\/li>\n<li>Envoi de SMS (1 \u00e0 8)<\/li>\n<li>Appels mains libres (1 \u00e0 8)<\/li>\n<li>Envoi d\u2019E-Mails<\/li>\n<li>G\u00e9olocalisation GPS et <a href=\"https:\/\/www.travailleur-isole.com\/index.php\/localiser-un-pti-en-interieur\/pti-gsm\/\"><strong>localisation int\u00e9rieure<\/strong><\/a><\/li>\n<\/ul>\n<\/div>\n<\/div>\n<\/div>\n<\/div>\n<\/div>\n<\/div>\n<\/div>\n<\/div>\n<\/section>\n<\/div>\n<\/div>\n<\/div>\n<\/div>\n<\/div>\n<\/div>\n<\/div>\n<\/div>\n<\/section>\n","protected":false},"excerpt":{"rendered":"<p>T\u00e9l\u00e9phone RUGGEAR RG 170 \u00e9volu\u00e9 avec application PTI totalement param\u00e9trable<\/p>\n","protected":false},"featured_media":5241,"template":"","meta":{"_uag_custom_page_level_css":"","kt_blocks_editor_width":""},"pwb-brand":[191],"product_brand":[],"product_cat":[26],"product_tag":[182,184,183],"class_list":{"0":"post-5240","1":"product","2":"type-product","3":"status-publish","4":"has-post-thumbnail","6":"pwb-brand-ruggear","7":"product_cat-pti-dati","8":"product_tag-pti","9":"product_tag-rg-170","10":"product_tag-ruggear","12":"first","13":"instock","14":"taxable","15":"shipping-taxable","16":"purchasable","17":"product-type-simple"},"uagb_featured_image_src":{"full":["https:\/\/i0.wp.com\/www.wisucam.com\/wp-content\/uploads\/2021\/02\/ruggear-rg170_Avenguard_WEB.jpg?fit=350%2C350&ssl=1?v=1619709721",350,350,false],"thumbnail":["https:\/\/i0.wp.com\/www.wisucam.com\/wp-content\/uploads\/2021\/02\/ruggear-rg170_Avenguard_WEB.jpg?resize=150%2C150&ssl=1?v=1619709721",150,150,true],"medium":["https:\/\/i0.wp.com\/www.wisucam.com\/wp-content\/uploads\/2021\/02\/ruggear-rg170_Avenguard_WEB.jpg?fit=300%2C300&ssl=1?v=1619709721",300,300,true],"medium_large":["https:\/\/i0.wp.com\/www.wisucam.com\/wp-content\/uploads\/2021\/02\/ruggear-rg170_Avenguard_WEB.jpg?fit=350%2C350&ssl=1?v=1619709721",350,350,true],"large":["https:\/\/i0.wp.com\/www.wisucam.com\/wp-content\/uploads\/2021\/02\/ruggear-rg170_Avenguard_WEB.jpg?fit=350%2C350&ssl=1?v=1619709721",350,350,true],"1536x1536":["https:\/\/i0.wp.com\/www.wisucam.com\/wp-content\/uploads\/2021\/02\/ruggear-rg170_Avenguard_WEB.jpg?fit=350%2C350&ssl=1?v=1619709721",350,350,true],"2048x2048":["https:\/\/i0.wp.com\/www.wisucam.com\/wp-content\/uploads\/2021\/02\/ruggear-rg170_Avenguard_WEB.jpg?fit=350%2C350&ssl=1?v=1619709721",350,350,true],"widget-thumb":["https:\/\/i0.wp.com\/www.wisucam.com\/wp-content\/uploads\/2021\/02\/ruggear-rg170_Avenguard_WEB.jpg?resize=80%2C50&ssl=1?v=1619709721",80,50,true],"woocommerce_thumbnail":["https:\/\/i0.wp.com\/www.wisucam.com\/wp-content\/uploads\/2021\/02\/ruggear-rg170_Avenguard_WEB.jpg?resize=300%2C300&ssl=1?v=1619709721",300,300,true],"woocommerce_single":["https:\/\/i0.wp.com\/www.wisucam.com\/wp-content\/uploads\/2021\/02\/ruggear-rg170_Avenguard_WEB.jpg?fit=350%2C350&ssl=1?v=1619709721",350,350,true],"woocommerce_gallery_thumbnail":["https:\/\/i0.wp.com\/www.wisucam.com\/wp-content\/uploads\/2021\/02\/ruggear-rg170_Avenguard_WEB.jpg?resize=100%2C100&ssl=1?v=1619709721",100,100,true]},"uagb_author_info":{"display_name":"admin","author_link":"https:\/\/www.wisucam.com\/index.php\/author\/"},"uagb_comment_info":0,"uagb_excerpt":"T\u00e9l\u00e9phone RUGGEAR RG 170 \u00e9volu\u00e9 avec application PTI totalement param\u00e9trable","jetpack_sharing_enabled":true,"jetpack_likes_enabled":true,"brands":[{"id":191,"name":"Ruggear","slug":"ruggear"}],"_links":{"self":[{"href":"https:\/\/www.wisucam.com\/index.php\/wp-json\/wp\/v2\/product\/5240","targetHints":{"allow":["GET"]}}],"collection":[{"href":"https:\/\/www.wisucam.com\/index.php\/wp-json\/wp\/v2\/product"}],"about":[{"href":"https:\/\/www.wisucam.com\/index.php\/wp-json\/wp\/v2\/types\/product"}],"wp:featuredmedia":[{"embeddable":true,"href":"https:\/\/www.wisucam.com\/index.php\/wp-json\/wp\/v2\/media\/5241"}],"wp:attachment":[{"href":"https:\/\/www.wisucam.com\/index.php\/wp-json\/wp\/v2\/media?parent=5240"}],"wp:term":[{"taxonomy":"pwb-brand","embeddable":true,"href":"https:\/\/www.wisucam.com\/index.php\/wp-json\/wp\/v2\/pwb-brand?post=5240"},{"taxonomy":"product_brand","embeddable":true,"href":"https:\/\/www.wisucam.com\/index.php\/wp-json\/wp\/v2\/product_brand?post=5240"},{"taxonomy":"product_cat","embeddable":true,"href":"https:\/\/www.wisucam.com\/index.php\/wp-json\/wp\/v2\/product_cat?post=5240"},{"taxonomy":"product_tag","embeddable":true,"href":"https:\/\/www.wisucam.com\/index.php\/wp-json\/wp\/v2\/product_tag?post=5240"}],"curies":[{"name":"wp","href":"https:\/\/api.w.org\/{rel}","templated":true}]}}