{"id":5234,"date":"2021-02-17T08:57:15","date_gmt":"2021-02-17T07:57:15","guid":{"rendered":"https:\/\/www.wisucam.com\/?post_type=product&#038;p=5234"},"modified":"2025-10-16T11:47:16","modified_gmt":"2025-10-16T09:47:16","slug":"galvanometre-camping-car-schaudt-tension-et-eau-10-15v","status":"publish","type":"product","link":"https:\/\/www.wisucam.com\/index.php\/produit\/galvanometre-camping-car-schaudt-tension-et-eau-10-15v\/","title":{"rendered":"Galvanometre Camping Car Schaudt Tension et Eau 10-15V"},"content":{"rendered":"<p>Votre panneau de contr\u00f4le schaudt n\u2019indique plus la tension de batterie ou le niveau d\u2019eau\u2026 Pas de panique, Il suffit de remplacer le galvanom\u00e8tre qui est d\u00e9fectueux.<\/p>\n<p>Galvanom\u00e8tre pour panneau de contr\u00f4le SCHAUDT avec indication des niveaux de batteries et d&rsquo;eau \u00e0 aiguille.<\/p>\n<p><strong>Graduation de 10 \u00e0 15V. Attention avant de commander de bien v\u00e9rifier le mod\u00e8le correspondant \u00e0 votre \u00e9quipement car il existe plusieurs graduations diff\u00e9rentes. Un mod\u00e8le diff\u00e9rent de celui pr\u00e9sent sur votre v\u00e9hicule ne fonctionnera pas<\/strong><\/p>\n<p>Cette fourniture ne peut \u00eatre ni reprise ni \u00e9chang\u00e9e. L&rsquo;achat ne peut se faire qu&rsquo;en pleine acceptation de cette information et apr\u00e8s avoir diagnostiqu\u00e9 que c&rsquo;est bien le galvanom\u00e8tre qui est en cause.<\/p>\n<p>Le remontage est bien entendu sous votre responsabilit\u00e9 en respectant les polarit\u00e9s.<\/p>\n<p>Nous pouvons \u00e9galement le <a href=\"https:\/\/www.wisucam.com\/index.php\/reparation-schaudt-panneau-galvanometre-vu-metre\/\">changer en atelier<\/a>, dans ce cas nous envoyer le panneau complet en le prot\u00e9geant correctement<\/p>\n<section class=\"elementor-section elementor-top-section elementor-element elementor-element-05dd2b4 elementor-section-boxed elementor-section-height-default elementor-section-height-default\" data-id=\"05dd2b4\" data-element_type=\"section\">\n<div class=\"elementor-container elementor-column-gap-default\">\n<div class=\"elementor-row\">\n<div class=\"elementor-column elementor-col-100 elementor-top-column elementor-element elementor-element-fe832ed\" data-id=\"fe832ed\" data-element_type=\"column\">\n<div class=\"elementor-column-wrap elementor-element-populated\">\n<div class=\"elementor-widget-wrap\">\n<div class=\"elementor-element elementor-element-615848c elementor-widget elementor-widget-text-editor\" data-id=\"615848c\" data-element_type=\"widget\" data-widget_type=\"text-editor.default\">\n<div class=\"elementor-widget-container\">\n<div class=\"elementor-text-editor elementor-clearfix\">\n<p>D\u00e9couvrez \u00e9galement nos r\u00e9parations de boitiers <a href=\"https:\/\/www.wisucam.com\/index.php\/depannage-boitier-schaudt-ebl-camping-car\/\">EBL<\/a><\/p>\n<p>Mais aussi les autres activit\u00e9s de Wisucam ou nos solutions de <a href=\"https:\/\/www.mytalkiewalkie.fr\">radiocommunication<\/a> ou de protection des <a href=\"https:\/\/www.travailleur-isole.com\">travailleurs isol\u00e9s<\/a><\/p>\n<\/div>\n<\/div>\n<\/div>\n<\/div>\n<\/div>\n<\/div>\n<\/div>\n<\/div>\n<\/section>\n","protected":false},"excerpt":{"rendered":"<p>Galvanom\u00e8tre pour panneau de contr\u00f4le SCHAUDT avec indication des niveaux de batteries et d&rsquo;eau \u00e0 aiguille.<\/p>\n<p><strong>Graduation 10 -15 V<\/strong><\/p>\n<p><span style=\"color: #ff0000;\"><strong>\u00a0<\/strong><\/span><\/p>\n","protected":false},"featured_media":3019,"template":"","meta":{"_uag_custom_page_level_css":"","kt_blocks_editor_width":""},"pwb-brand":[193],"product_brand":[],"product_cat":[175],"product_tag":[170,180,173],"class_list":{"0":"post-5234","1":"product","2":"type-product","3":"status-publish","4":"has-post-thumbnail","6":"pwb-brand-schaudt","7":"product_cat-accessoires","8":"product_tag-camping-car","9":"product_tag-galvanometre","10":"product_tag-schaudt","11":"product_shipping_class-plusde50e","13":"first","14":"instock","15":"sold-individually","16":"taxable","17":"shipping-taxable","18":"purchasable","19":"product-type-simple"},"uagb_featured_image_src":{"full":["https:\/\/i0.wp.com\/www.wisucam.com\/wp-content\/uploads\/2020\/02\/10-15-Volt-Meter-IT994.jpg?fit=700%2C700&ssl=1?v=1619710080",700,700,false],"thumbnail":["https:\/\/i0.wp.com\/www.wisucam.com\/wp-content\/uploads\/2020\/02\/10-15-Volt-Meter-IT994.jpg?resize=150%2C150&ssl=1?v=1619710080",150,150,true],"medium":["https:\/\/i0.wp.com\/www.wisucam.com\/wp-content\/uploads\/2020\/02\/10-15-Volt-Meter-IT994.jpg?fit=300%2C300&ssl=1?v=1619710080",300,300,true],"medium_large":["https:\/\/i0.wp.com\/www.wisucam.com\/wp-content\/uploads\/2020\/02\/10-15-Volt-Meter-IT994.jpg?fit=700%2C700&ssl=1?v=1619710080",700,700,true],"large":["https:\/\/i0.wp.com\/www.wisucam.com\/wp-content\/uploads\/2020\/02\/10-15-Volt-Meter-IT994.jpg?fit=700%2C700&ssl=1?v=1619710080",700,700,true],"1536x1536":["https:\/\/i0.wp.com\/www.wisucam.com\/wp-content\/uploads\/2020\/02\/10-15-Volt-Meter-IT994.jpg?fit=700%2C700&ssl=1?v=1619710080",700,700,true],"2048x2048":["https:\/\/i0.wp.com\/www.wisucam.com\/wp-content\/uploads\/2020\/02\/10-15-Volt-Meter-IT994.jpg?fit=700%2C700&ssl=1?v=1619710080",700,700,true],"widget-thumb":["https:\/\/i0.wp.com\/www.wisucam.com\/wp-content\/uploads\/2020\/02\/10-15-Volt-Meter-IT994.jpg?resize=80%2C50&ssl=1?v=1619710080",80,50,true],"woocommerce_thumbnail":["https:\/\/i0.wp.com\/www.wisucam.com\/wp-content\/uploads\/2020\/02\/10-15-Volt-Meter-IT994.jpg?resize=300%2C457&ssl=1?v=1619710080",300,457,true],"woocommerce_single":["https:\/\/i0.wp.com\/www.wisucam.com\/wp-content\/uploads\/2020\/02\/10-15-Volt-Meter-IT994.jpg?fit=600%2C600&ssl=1?v=1619710080",600,600,true],"woocommerce_gallery_thumbnail":["https:\/\/i0.wp.com\/www.wisucam.com\/wp-content\/uploads\/2020\/02\/10-15-Volt-Meter-IT994.jpg?resize=100%2C100&ssl=1?v=1619710080",100,100,true]},"uagb_author_info":{"display_name":"admin","author_link":"https:\/\/www.wisucam.com\/index.php\/author\/"},"uagb_comment_info":0,"uagb_excerpt":"Galvanom\u00e8tre pour panneau de contr\u00f4le SCHAUDT avec indication des niveaux de batteries et d'eau \u00e0 aiguille. Graduation 10 -15 V \u00a0","jetpack_sharing_enabled":true,"jetpack_likes_enabled":true,"brands":[{"id":193,"name":"SCHAUDT","slug":"schaudt"}],"_links":{"self":[{"href":"https:\/\/www.wisucam.com\/index.php\/wp-json\/wp\/v2\/product\/5234","targetHints":{"allow":["GET"]}}],"collection":[{"href":"https:\/\/www.wisucam.com\/index.php\/wp-json\/wp\/v2\/product"}],"about":[{"href":"https:\/\/www.wisucam.com\/index.php\/wp-json\/wp\/v2\/types\/product"}],"wp:featuredmedia":[{"embeddable":true,"href":"https:\/\/www.wisucam.com\/index.php\/wp-json\/wp\/v2\/media\/3019"}],"wp:attachment":[{"href":"https:\/\/www.wisucam.com\/index.php\/wp-json\/wp\/v2\/media?parent=5234"}],"wp:term":[{"taxonomy":"pwb-brand","embeddable":true,"href":"https:\/\/www.wisucam.com\/index.php\/wp-json\/wp\/v2\/pwb-brand?post=5234"},{"taxonomy":"product_brand","embeddable":true,"href":"https:\/\/www.wisucam.com\/index.php\/wp-json\/wp\/v2\/product_brand?post=5234"},{"taxonomy":"product_cat","embeddable":true,"href":"https:\/\/www.wisucam.com\/index.php\/wp-json\/wp\/v2\/product_cat?post=5234"},{"taxonomy":"product_tag","embeddable":true,"href":"https:\/\/www.wisucam.com\/index.php\/wp-json\/wp\/v2\/product_tag?post=5234"}],"curies":[{"name":"wp","href":"https:\/\/api.w.org\/{rel}","templated":true}]}}