{"id":358,"date":"2019-11-07T14:13:29","date_gmt":"2019-11-07T13:13:29","guid":{"rendered":"https:\/\/www.wisucam.com\/?page_id=358"},"modified":"2025-01-29T16:10:55","modified_gmt":"2025-01-29T15:10:55","slug":"mentions-legales","status":"publish","type":"page","link":"https:\/\/www.wisucam.com\/index.php\/mentions-legales\/","title":{"rendered":"Mentions l\u00e9gales"},"content":{"rendered":"\n\n<p><strong>WISUCAM<\/strong><br \/>Siret : 49025769800020<\/p>\n<p>SARL au capital de 7500 \u20ac<\/p>\n<p>Code APE\u00a0: 9521Z<br \/>Directeur de publication : Pascal QUENOUILLERE<\/p>\n<p>________________________________________<\/p>\n<p>H\u00e9bergement : OVH<\/p>\n<p>Mentions l\u00e9gales : Serveur mutualis\u00e9 \u2013 OVH (www.ovh.com)<br \/>SAS au capital de 10 069 020 \u20ac<br \/>RCS Lille M\u00e9tropole 424 761 419 00045<br \/>Code APE 2620Z<br \/>N\u00b0 TVA : FR 22 424 761 419<br \/>Si\u00e8ge social : 2 rue Kellermann &#8211; 59100 Roubaix &#8211; France<\/p>\n<h3>Propri\u00e9t\u00e9 Intellectuelle<\/h3>\n<p>La structure g\u00e9n\u00e9rale ainsi que les logiciels, textes, images, vid\u00e9os, sons, animations, graphismes \u2026 et tout autre \u00e9l\u00e9ment composant le site sont la propri\u00e9t\u00e9 exclusive de la SARL WISUCAM, ou bien sont r\u00e9guli\u00e8rement exploit\u00e9s sous licence. Toute repr\u00e9sentation totale ou partielle de ce site par quelque proc\u00e9d\u00e9 que ce soit, sans l\u2019autorisation expresse de la SARL WISUCAM, est interdite et constituerait une contrefa\u00e7on sanctionn\u00e9e par les articles L.335-2 et suivants du Code de la propri\u00e9t\u00e9 intellectuelle. L\u2019ensemble des textes et illustrations mis en ligne par la SARL WISUCAM est prot\u00e9g\u00e9 par le droit d\u2019auteur et par le droit prot\u00e9geant les bases de donn\u00e9es dont l\u2019Editeur est producteur au sens des articles L 341-1 et suivants du Code de la Propri\u00e9t\u00e9 Intellectuelle. Les marques de la SARL WISUCAM et de ses partenaires, ainsi que les logos, figurant sur le site sont des marques (semi figuratives ou non) d\u00e9pos\u00e9es. Toute reproduction ou repr\u00e9sentation totale ou partielle de ces marques, toute modification, toute alt\u00e9ration de ces marques et\/ou logos sans l\u2019autorisation expresse de la SARL WISUCAM sont donc prohib\u00e9es, au sens de l\u2019article L.713-2 du Code de la propri\u00e9t\u00e9 intellectuelle.<\/p>\n<h3>Droits d\u2019images<\/h3>\n<p>\u00a9 le nom des sites ou photographes qui vous ont fourni les droits pour les images<\/p>\n<p>\u00a9 Toutes les autres images et illustrations de ce site sont la propri\u00e9t\u00e9 exclusive de la SARL WISUCAM<\/p>\n<p>La SARL WISUCAM d\u00e9cline toute responsabilit\u00e9 sur le contenu des sites dont il n\u2019est pas l\u2019\u00e9diteur et qui sont accessibles par l\u2019interm\u00e9diaire de liens hypertextes.<\/p>\n<p>Les utilisateurs du site \u00ab www.wisucam.com \u00bb ne peuvent mettre en place un hyperlien en direction de ce site sans l\u2019autorisation expresse et pr\u00e9alable de la SARL WISUCAM<\/p>\n<h3>Limitation de responsabilit\u00e9<\/h3>\n<p>L\u2019utilisateur utilise le site \u00e0 ses seuls risques. En aucun cas, la SARL WISUCAM ne pourrait \u00eatre tenue responsable des dommages directs ou indirects, et notamment pr\u00e9judice mat\u00e9riel, perte de donn\u00e9es ou de programme, pr\u00e9judice financier, r\u00e9sultant de l\u2019acc\u00e8s ou de l\u2019utilisation de ce site ou de tous sites qui lui sont li\u00e9s. Le contenu du site est pr\u00e9sent\u00e9 sans aucune garantie de quelque nature que ce soit.<\/p>\n<p>Les informations sur les produits et leurs caract\u00e9ristiques correspondent \u00e0 une d\u00e9finition au moment de la mise en ligne ou des mises \u00e0 jour des diff\u00e9rentes pages du site ; elles ne sont donn\u00e9es qu\u2019\u00e0 titre indicatif et ne sauraient \u00eatre consid\u00e9r\u00e9es comme constituant une offre contractuelle de produits ou services \u00e9manant de la SARL WISUCAM. Des erreurs ou omissions peuvent survenir.<\/p>\n<p>L\u2019acc\u00e8s aux produits et services pr\u00e9sent\u00e9s sur le site peut faire l\u2019objet de restrictions. Vous devez donc vous assurer que la loi du pays \u00e0 partir duquel la connexion est \u00e9tablie vous autorise \u00e0 acc\u00e9der \u00e0 notre site.<\/p>\n<h3>Cookies<\/h3>\n<p>Nous souhaitons implanter un cookie dans votre ordinateur. Un cookie ne nous permet pas de vous identifier; en revanche, il enregistre des informations relatives \u00e0 la navigation de votre ordinateur sur notre site (les pages que vous avez consult\u00e9es, la date et l\u2019heure de la consultation, etc.) que nous pourrons lire lors de vos visites ult\u00e9rieures. La dur\u00e9e de conservation de ces informations dans votre ordinateur n\u2019exc\u00e8de pas un an.<\/p>\n<p>Nous vous informons que vous pouvez vous opposer \u00e0 l\u2019enregistrement de \u201ccookies\u201d en param\u00e9trant votre navigateur.<\/p>\n<h3>Donn\u00e9es nominatives :<\/h3>\n<p>En application de la Loi n\u00b0 78-17 du 6 janvier 1978 relative \u00e0 l\u2019Informatique, aux Fichiers et aux Libert\u00e9s, vous disposez des droits d\u2019opposition (art. 26 de la loi), d\u2019acc\u00e8s (art.34 \u00e0 38 de la loi) et de rectification (art. 36 de la loi) des donn\u00e9es vous concernant. Ainsi, vous pouvez nous contacter pour que soient rectifi\u00e9es, compl\u00e9t\u00e9es, mises \u00e0 jour ou effac\u00e9es les informations vous concernant qui sont inexactes, incompl\u00e8tes, \u00e9quivoques, p\u00e9rim\u00e9es ou dont la collecte ou l\u2019utilisation, la communication ou la conservation est interdite. Les informations qui vous concernent sont uniquement destin\u00e9es \u00e0 la SARL WISUCAM. Nous ne transmettons ces informations \u00e0 aucun tiers (partenaires commerciaux, etc).<\/p>","protected":false},"excerpt":{"rendered":"<p>WISUCAMSiret : 49025769800020 SARL au capital de 7500 \u20ac Code APE\u00a0: 9521ZDirecteur de publication : Pascal QUENOUILLERE ________________________________________ H\u00e9bergement : OVH Mentions l\u00e9gales : Serveur mutualis\u00e9 \u2013 OVH (www.ovh.com)SAS au capital de 10 069 020 \u20acRCS Lille M\u00e9tropole 424 761 &hellip; <a href=\"https:\/\/www.wisucam.com\/index.php\/mentions-legales\/\">Lire la suite\u00ad\u00ad<\/a><\/p>\n","protected":false},"author":1,"featured_media":0,"parent":0,"menu_order":0,"comment_status":"closed","ping_status":"closed","template":"","meta":{"_uag_custom_page_level_css":"","kt_blocks_editor_width":"","footnotes":""},"class_list":["post-358","page","type-page","status-publish","hentry"],"uagb_featured_image_src":{"full":false,"thumbnail":false,"medium":false,"medium_large":false,"large":false,"1536x1536":false,"2048x2048":false,"widget-thumb":false,"woocommerce_thumbnail":false,"woocommerce_single":false,"woocommerce_gallery_thumbnail":false},"uagb_author_info":{"display_name":"admin","author_link":"https:\/\/www.wisucam.com\/index.php\/author\/admin\/"},"uagb_comment_info":0,"uagb_excerpt":"WISUCAMSiret : 49025769800020 SARL au capital de 7500 \u20ac Code APE\u00a0: 9521ZDirecteur de publication : Pascal QUENOUILLERE ________________________________________ H\u00e9bergement : OVH Mentions l\u00e9gales : Serveur mutualis\u00e9 \u2013 OVH (www.ovh.com)SAS au capital de 10 069 020 \u20acRCS Lille M\u00e9tropole 424 761 &hellip; Lire la suite\u00ad\u00ad","jetpack_sharing_enabled":true,"jetpack_likes_enabled":true,"_links":{"self":[{"href":"https:\/\/www.wisucam.com\/index.php\/wp-json\/wp\/v2\/pages\/358","targetHints":{"allow":["GET"]}}],"collection":[{"href":"https:\/\/www.wisucam.com\/index.php\/wp-json\/wp\/v2\/pages"}],"about":[{"href":"https:\/\/www.wisucam.com\/index.php\/wp-json\/wp\/v2\/types\/page"}],"author":[{"embeddable":true,"href":"https:\/\/www.wisucam.com\/index.php\/wp-json\/wp\/v2\/users\/1"}],"replies":[{"embeddable":true,"href":"https:\/\/www.wisucam.com\/index.php\/wp-json\/wp\/v2\/comments?post=358"}],"version-history":[{"count":4,"href":"https:\/\/www.wisucam.com\/index.php\/wp-json\/wp\/v2\/pages\/358\/revisions"}],"predecessor-version":[{"id":7973,"href":"https:\/\/www.wisucam.com\/index.php\/wp-json\/wp\/v2\/pages\/358\/revisions\/7973"}],"wp:attachment":[{"href":"https:\/\/www.wisucam.com\/index.php\/wp-json\/wp\/v2\/media?parent=358"}],"curies":[{"name":"wp","href":"https:\/\/api.w.org\/{rel}","templated":true}]}}